f k.
2, 3
List the prime factors of (0/(-6) - -3342) + 8.
2, 5, 67
Suppose -2*p - 130 = 4*w, -w + 3*w + 61 = 3*p. What are the prime factors of (-5752)/w + 9/(-12)?
179
Let l be (168/35)/(2/35). Suppose -l + 4 = -4*k. Suppose v = -3*v - k, -4*i = v - 131. What are the prime factors of i?
2, 17
Suppose 0 = -p - 0*p + 709. What are the prime factors of p?
709
Suppose 4*i - 27 = 5*z, 4*i - 4*z - 15 = 3*i. Suppose -6*h + 4*h + 59 = i*r, 0 = -2*h - r + 57. Suppose -15 = -b + h. What are the prime factors of b?
43
Suppose 15*w - 1375 = -10*w. What are the prime factors of w?
5, 11
Let f(c) = 7*c**3 + 2*c**2 - c. Let r be f(1). Suppose r*y + 190 = 3*y. List the prime factors of 16*(y/(-8) + -3).
2, 7
Suppose 5*s - o - 2982 = 0, -4*s - 31*o = -26*o - 2374. List the prime factors of s.
2, 149
Let x = 33 + -35. Let t(i) = -42*i - 2. What are the prime factors of t(x)?
2, 41
Suppose -39*d + 47*d - 3624 = 0. List the prime factors of d.
3, 151
Suppose 0 = 5*k + z - 510, 3*k + 11*z - 13*z = 293. What are the prime factors of k?
101
Let j be (-10)/3*(-6)/4. Suppose -j*g + 27 = 2, -4*f + 2*g = 34. Let n(w) = -w**3 - 5*w**2 - w - 7. What are the prime factors of n(f)?
5, 7
Let s(p) = -p**2 + 5*p + 23. Let i be s(-4). Let c(k) = -8*k - 32. What are the prime factors of c(i)?
2, 3
Suppose 2*f - 8 = -146. Let r = -37 - f. Let m = 0 + r. List the prime factors of m.
2
Suppose -2*c = 4*l + 3*c - 18, 3*c = -3*l + 12. Let t(n) = 92*n - 1. What are the prime factors of t(l)?
3, 61
Let k(v) be the second derivative of -v**4/12 + 5*v**3/6 + 19*v**2/2 - 6*v. What are the prime factors of k(7)?
5
Let y be (-141)/27 + (-2)/(-9). Let w = -6 - y. What are the prime factors of (-12)/(w - (-3)/9)?
2, 3
Suppose -v + 8 = 3*g, 8*v - 5*v = 2*g + 13. Suppose 39 - 349 = -v*f + 5*t, 0 = 3*t. List the prime factors of f.
2, 31
List the prime factors of -2*6/96 + (-7971)/(-24).
2, 83
Suppose -3*a = -5*f - 80, 4*a = 4*f + 68 + 52. Let g be (-7)/(a/10) - -76. Let u = 6 + g. List the prime factors of u.
2, 5
Let w(y) = -11*y - 16. Let h be w(7). Let a = 130 + h. List the prime factors of a.
37
Let j(f) = f**3 - 41*f**2 - 54*f - 276. What are the prime factors of j(44)?
2, 3, 263
Suppose -3 - 59 = -2*h. List the prime factors of 3/(-1) + (-2 - (0 - h)).
2, 13
Suppose -4 = -3*p + 23. Let t(r) = r**3 + 24*r**2 + 23*r - 2. Let n be t(-23). Let z = n + p. List the prime factors of z.
7
Let o(h) = h**3 - 3*h**2 + 2*h - 1. Let s be o(3). Suppose -n = s*m - 242, 777 = 2*n + n - 2*m. List the prime factors of n.
257
Let h = 275 - 242. Let o be 11/3 + (-1)/(-3). List the prime factors of o/(-8) + h/6.
5
Suppose -5*k + k + 2*n = -2, 3*n = 9. Suppose 2*z - 193 = -2*z + 5*h, 116 = 3*z + k*h. What are the prime factors of z?
2, 3, 7
Suppose 3*k - 3846 = -4*i, 0 = -2*i + k + 3*k + 1912. List the prime factors of i.
2, 3, 5
Let n = -5 + 5. Let q(c) = 8*c + 3 + n + 0 - 5. List the prime factors of q(2).
2, 7
Suppose v = -2*m + 67, 0*m + 362 = 5*v + m. Let t = v + -19. Suppose 4*k + 3*i = -0*i + 216, 5*i = k - t. List the prime factors of k.
2, 3
Let h be 1/(12/9 + -1). Let i(r) = -r + 12. Let y be i(h). Suppose -5*n + 29 = y. List the prime factors of n.
2
Let f = -1437 - -6148. What are the prime factors of f?
7, 673
Let d be (14/21)/((-4)/18). List the prime factors of (-2 - -1 - 1) + (121 - d).
2, 61
What are the prime factors of ((-18476)/93)/(0 - 4/6)?
2, 149
Suppose 0*s = -5*s + 20. Let c be 3 + s/(4/85). Let z = -37 + c. List the prime factors of z.
3, 17
Let a(m) = 2*m**3 + 44*m**2 + 2*m - 43. What are the prime factors of a(-15)?
17, 181
Suppose 2*t - 8 = -2*t. Suppose 0 = t*l + 19 - 61. List the prime factors of l.
3, 7
Let z = 6265 - 2826. List the prime factors of z.
19, 181
Suppose 28745 - 3419 = 21*r. What are the prime factors of r?
2, 3, 67
Suppose y = 2 + 3. Let i(f) = -2*f**2 - 8*f - 27. Let j(s) = -3*s**2 - 17*s - 53. Let c(a) = y*i(a) - 3*j(a). List the prime factors of c(11).
2, 3
Let u = -105 + 2527. What are the prime factors of u?
2, 7, 173
Let v(p) = p**3 + 3*p**2 - 4*p + 5. Let n(j) = -2*j + 8. Let w be n(6). Let q be v(w). Suppose q*m + 14 = 39. What are the prime factors of m?
5
Let r = -102 + 174. Suppose -4*l = 2*l - r. List the prime factors of l.
2, 3
List the prime factors of ((-20)/4)/((-3)/669).
5, 223
Let d = 1 + 4. Suppose -16 = -z + d*z, 0 = s + 4*z - 7. What are the prime factors of s?
23
Suppose -3*u = 3*s - 261, 2*s + 2*s - 340 = -2*u. Let g(o) = 60*o + 1. Let i be g(-1). Let b = s + i. List the prime factors of b.
2, 3
Let k(r) = 69*r**2 + 29*r + 138. List the prime factors of k(-5).
2, 859
Let w = 22 - 63. Let r = 77 + w. What are the prime factors of r?
2, 3
Suppose 3230 = 5*p + 5*h - 60, 0 = -2*p - 4*h + 1316. List the prime factors of p.
2, 7, 47
Suppose l + 9 = 4*l + 3*r, 3 = l - r. Let f be 18/4*(-2)/l. List the prime factors of 1*((-9)/f - -26).
29
Suppose -5*r + 8*r = -9. Let d(g) = -6*g. What are the prime factors of d(r)?
2, 3
Suppose 82 + 10670 = 14*r. List the prime factors of r.
2, 3
Suppose -70 = -27*a + 20*a. Suppose 930 = -0*l + a*l. List the prime factors of l.
3, 31
Suppose -2*q + 273 = 5*x, -5*q + 610 = 3*x - 5*x. Suppose -q = -2*w + 2*k, -w - 2*w + 2*k + 184 = 0. What are the prime factors of w?
2, 3, 5
Let f(k) = -k**3 + 8*k**2 - 8*k - 3. Let d be f(6). Let g = 43 + -43. Suppose d*s - 16*s - 210 = g. What are the prime factors of s?
2, 3, 7
Let l(t) = t**2 - 20*t + 23. Let u be l(17). Let j(i) = 17*i**2. Let p be j(2). Let v = u + p. List the prime factors of v.
2, 5
Suppose -2937 = -5*n + 4338. What are the prime factors of n?
3, 5, 97
Let b = -1933 - -2848. What are the prime factors of b?
3, 5, 61
Suppose -8*q + 2030 = 374. What are the prime factors of q - (-4 - (1 + 0))?
2, 53
Let g = 37 + 2. Let h = -10 + g. What are the prime factors of h?
29
Let y(i) be the first derivative of i**4/4 + 2*i**3/3 + i**2 + 3*i + 5. Let u be y(-4). List the prime factors of u/(-2) - 15/(-10).
2, 5
Let f = -68 + 84. What are the prime factors of 1696/f - 1*(-1)/1?
107
Let m(w) = w**2 + 2*w + 12. Suppose -4*u = -12, 4*u - 5*u + 19 = -2*o. What are the prime factors of m(o)?
2, 3, 5
Let g be -3 - (1 + -2) - -4. Let q(j) = -1 + 2*j**2 + 0*j**2 + j + j + 7*j**g. List the prime factors of q(-2).
31
Suppose 3*b = -5*h - b - 242, 0 = 2*b + 6. Let f be (2/(-4))/(1/h). Suppose 2*p - 35 - f = 0. List the prime factors of p.
29
Let c = -611 - -864. What are the prime factors of c?
11, 23
Let w(a) = a**2 - 11*a + 15. Let h be w(9). Let u be ((-1206)/15)/(h/(-15)). List the prime factors of (-1)/6 - u/36.
11
Let m = -5 - 2. Let w be 1038/m - 2/(-7). What are the prime factors of (w/(-6))/(20/30)?
37
Let f(w) = 1385*w - 317. List the prime factors of f(3).
2, 19, 101
Let q be ((275/15)/5)/(1/(-27)). Let a = q - -192. List the prime factors of a.
3, 31
Let i be 4/12 + 40/6. Suppose -43 - i = -s. Suppose 0*q + s = 5*q. List the prime factors of q.
2, 5
Let y(c) = 11*c + 104. Let w(d) = -7*d - 69. Let j(p) = -8*w(p) - 5*y(p). List the prime factors of j(0).
2
Let j(v) = 2*v**3 + 11*v**2 - v + 5. Let d(x) = -x**3 - 10*x**2 + 13*x + 17. Let z be d(-11). What are the prime factors of j(z)?
5, 7
Suppose -5*y + 3*y + 36 = 0. Let q be (-2)/(-3) - 12/y. Suppose -3*a + 2*a + 23 = q. List the prime factors of a.
23
Let a(m) = -466*m - 11. List the prime factors of a(-1).
5, 7, 13
Suppose -2*h = 3*h + 30. Let y = -257 - 5. What are the prime factors of y/h + (-5)/(-15)?
2, 11
Let p = -137 + 226. Let i = p + -4. List the prime factors of i.
5, 17
Let u be (-78)/(-4)*64/3. Suppose -8*w + u = -4*w - 4*a, -5*w + 512 = -a. List the prime factors of w.
2, 3, 17
Let m(u) = -u**3 + 5*u**2 - u + 5. Let y be m(5). Let x be 16/(-2*2) + y. What are the prime factors of ((-9)/(-5))/(x/(-60))?
3
Let q be -2*((-3)/(-9) + 8/(-6)). Suppose -q*f + 10 + 11 = -5*x, -f + x + 15 = 0. List the prime factors of f.
2, 3
Suppose q = z - 623, 4*q = 9*z - 8*z - 620. What are the prime factors of z?
2, 3, 13
Let b = 969 + -433. List the prime factors of b.
2, 67
Suppose -30*w + 10*w = -5760. Suppose 0 = c - n - w, -3*n - 39 = -c + 239. List the prime factors of c.
293
Suppose -8*a - 862 = -5694. Suppose 0 = 4*y - 3*o - 806, 3*y - 6*o = -4*o + a. What are the prime factors of y?
2, 5
Suppose -10*a - 15 = -5